s - 1. Let o be l(3). Let j(n) = 4*n - 4. Let k(q) = 8*q - 7. Let a(r) = -5*j(r) + 3*k(r). What is the units digit of a(o)?
7
Suppose -4*h = -0*h - 16. Suppose -5*p + 51 = -p - 3*k, -h*p + 4*k = -52. What is the tens digit of p?
1
Suppose -k = -19 - 2. Suppose -2*d + k = d. What is the units digit of d?
7
Let d(r) = r + 1. Suppose 75 = -p + 6*p. Suppose 2*t + p = 7*t. What is the units digit of d(t)?
4
Let q(b) = -17*b - 5. Let z be q(-4). Suppose 0 = j + 2*p + 32, -3*j - 3*p - z = -j. What is the units digit of j/(-9)*3/2?
5
Let n be (2/4)/((-3)/(-18)). What is the tens digit of (n/(-2))/(36/(-528))?
2
Let s(u) = u + 1. Let y be s(1). Suppose -2*f - y*f = 5*k - 268, -4*f - 180 = -3*k. What is the units digit of k?
6
Suppose 3 = 6*k + 33. What is the tens digit of (-82)/4*(3 + k)?
4
Suppose -b = 3*l + 6, -6*l = 4*b - 4*l - 26. What is the units digit of (30/b)/1*3?
0
Suppose -3*r + 2*g = 5*g - 555, -4*r + 725 = -g. What is the hundreds digit of r?
1
Let k(z) be the first derivative of z**3/3 - 2*z**2 - z - 1. Let a(o) = -o**2 + 6*o. Let f be a(5). What is the units digit of k(f)?
4
Suppose -3*u - 56 = -7*u. What is the tens digit of u?
1
Let r(b) = -b + 7. Let w be r(4). Suppose 41 = -u - u + 5*n, w*n = -u + 7. Let q(o) = -o**3 - 7*o**2 + 8*o + 3. What is the units digit of q(u)?
3
Let r(m) = -m**2 + 11*m - 13. Let t be r(10). What is the units digit of -2 + t + 20 + -2?
3
Let l(t) = t + 31. What is the tens digit of l(-10)?
2
Let k(y) = y**3 - 5*y**2 + 2*y + 2. What is the tens digit of k(5)?
1
Let f = -253 + 381. Suppose -5*l = 43 - f. What is the tens digit of l?
1
Suppose 2*h + 6 = -2*b - 0*h, 0 = 4*b - h - 3. Suppose b = 2*g - 3*f - 26, 2*f = -g - 2*f + 2. What is the units digit of g?
0
Let j be 8/4 - (1 - -1). Suppose j = -5*k + 7 + 18. Suppose -q = -0 - k. What is the units digit of q?
5
Let y(d) = d**3 + d**2 - 2. Let c be y(4). What is the units digit of c/(-9)*(-12)/4?
6
Let m(x) = -x + 10. Let k be m(6). Suppose 3*u = k*z - 8*z + 74, -80 = -5*u + 2*z. What is the units digit of u?
8
Let r = -2 - -9. Let n = 20 + r. What is the units digit of 9/n - (-44)/3?
5
Suppose -76 - 234 = -5*d. What is the units digit of d?
2
Let a(o) = 2*o**3 - 4*o**2 - 12*o - 11. What is the tens digit of a(5)?
7
Suppose v - 16 - 31 = 0. What is the tens digit of v?
4
Let k(x) = -x**3 + 7*x**2 + 7*x + 4. Let s be k(8). Let r = s + 1. What is the units digit of ((0 - 0) + -1)*r?
3
Suppose 18 = -5*j + 68. What is the units digit of 86/j - 4/(-10)?
9
Let d = 154 + -47. What is the hundreds digit of d?
1
Suppose 0 = -d + 2*d - 36. What is the tens digit of d?
3
Suppose 5*b - 22 = -4*x, -4*x + 0*x - 3*b + 26 = 0. Let r be ((-4)/6)/((-2)/(-6)). Let v = r + x. What is the units digit of v?
6
What is the units digit of 1 + 2*3*(-100)/(-3)?
1
Let a(c) = 2*c**2 - 15*c + 15. What is the tens digit of a(9)?
4
Suppose 0 = -2*s + 10 + 10. Suppose -o - s + 26 = 0. What is the units digit of o?
6
What is the tens digit of (-11)/22 - 23/(-2)?
1
Suppose 2*l + 0*l - 6 = 0. Suppose 0*c + 10 = a + 2*c, 0 = -l*a + 5*c + 8. What is the units digit of a?
6
Let y = 6 + -3. Suppose -y*a - a = -64. What is the units digit of a?
6
Let b = -6 + 8. Suppose 2*s - g = 14, -16 - 4 = -b*s + 4*g. What is the units digit of s?
6
Suppose 0 = 5*p - 1 - 44. What is the units digit of p?
9
Let l(k) = 9*k**3 + 5*k**2 - 59. Let b(n) = 5*n**3 + 3*n**2 - 29. Let p(s) = -7*b(s) + 4*l(s). Let d be p(0). What is the units digit of (8/(-6) + 1)*d?
1
Let w(x) = 5*x - 17. What is the units digit of w(8)?
3
What is the units digit of (8/(-6))/(4/(-138))?
6
Let l(j) = -j**2 - 7*j - 2. Let g(a) = -a**2 - 7*a - 2. Let u(f) = -3*g(f) + 4*l(f). What is the units digit of u(-5)?
8
Suppose -4*j - 2*a = -3*j - 65, 0 = 5*j - 3*a - 364. What is the tens digit of j?
7
Let k be 6/(6 - 3) + 1. Let y = -1 + k. What is the units digit of y?
2
Let i(d) = d**2 - 8*d - 5. What is the units digit of i(9)?
4
Suppose -4*k = -5*k + 21. What is the tens digit of k?
2
Let r be -8*(3 - (-30)/(-8)). Let q(d) = 8*d - 7. What is the units digit of q(r)?
1
Suppose -62 = 2*t + 4*b - 204, -b - 227 = -3*t. Suppose 3*h + 2*r - t = 0, -123 = 2*h - 6*h + 5*r. What is the units digit of h?
7
Suppose -2*g + 6*g = 5*j + 121, 0 = -5*g - j + 144. What is the tens digit of g?
2
Let h be (4/(-6))/(6/(-36)). Let g = h - 4. Suppose g*s + 10 = 5*s. What is the units digit of s?
2
Let a = 6 + -6. Suppose 3*f = -2*w + 18, -4*f - 2*w = f - 26. Suppose a = 4*b - 0*z - 3*z - 46, b = -3*z + f. What is the units digit of b?
0
Suppose 0 = -c - 3 + 2. Let q be (-3 - c)*(0 + 3). What is the units digit of q/(-27) + 32/18?
2
What is the units digit of 4 - 3*6/(-9)?
6
Suppose 3*o = 12, -3*l + 5*o = 4*o + 25. Let c(m) = m**3 + 6*m**2 - 9*m + 9. What is the units digit of c(l)?
3
Suppose 0 = 2*s - 7 + 1. Suppose s*n - 26 = 1. What is the units digit of n?
9
Suppose c - 2 = 4*u - 7, -2*c - 10 = 3*u. What is the units digit of (-3)/(9/(-48)) - u?
6
Suppose -d - 4*d + 35 = 0. Suppose 4*i + 28 = -3*y, -2*i = 3*y - 1 + 21. Let j = y + d. What is the units digit of j?
3
Suppose v - 35 = -2*v + 5*z, 4*v - 24 = z. Let p(k) = -k**3 - 13*k**2 - 3*k - 13. Let c be p(-13). Suppose v*g - c - 9 = 0. What is the units digit of g?
7
Suppose 5 = 5*v, j + 2*v - 3 = -7. Let p = j + 20. What is the units digit of p?
4
Let g(k) = k**3 + 10*k**2 + 8*k + 19. What is the tens digit of g(-8)?
8
Let n(a) = a**3 + a - 2. Let z be n(0). Let f be 3/z*4/(-3). Let t(h) = h**2 + 1. What is the units digit of t(f)?
5
Suppose -5*k + 17 = -3*t, -5*t - 4 + 13 = k. Let n = t - -3. What is the units digit of n?
4
Suppose 8 = 6*q - 2*q. Suppose -q*g - 3*t + 60 = -2*t, -3*g + 4*t = -112. Suppose 2*j - 5*o = -2*j + g, 40 = 5*j + 3*o. What is the units digit of j?
8
Let v = 46 - 42. Suppose -4*s + 2*c + 198 = 0, 5*s = -3*c + c + 225. Suppose 5*i + s = 3*f, -20 - 33 = -v*f - 3*i. What is the units digit of f?
4
Suppose -2*w - 104 = -2*c, -2*c - 377 + 82 = 5*w. Let u = -33 - w. What is the units digit of u?
4
Let j(u) = -u. Let i(r) = 9*r + 3. Let t(v) = -i(v) - 5*j(v). Let h be t(-2). Suppose h*c + 3*a = 15 - 4, 2*c = 4*a - 6. What is the units digit of c?
1
Let m = 75 - 35. What is the units digit of m?
0
Let s = -13 - -21. Suppose 3*h - s = -2*o, 3*h + 5*o = -h - 1. Let d(j) = 2*j + 2. What is the tens digit of d(h)?
1
Let z(f) = -4*f + 3. What is the units digit of z(-6)?
7
Let s be 5*((-2)/1 - -3). Suppose -4*c - 2*v = 6, 1 = s*c + v + 4. What is the units digit of ((-18)/(-10) + c)*5?
9
Suppose -5*h + 3*c = 3, 2*h + 2*h = -4*c - 28. Let m = h - -11. What is the units digit of m?
8
Suppose -14 - 3 = 3*b - j, 5*j - 19 = 4*b. Suppose -n = -9 + 1. Let v = n + b. What is the units digit of v?
2
Let v(a) = 4*a - 15. What is the units digit of v(7)?
3
Suppose -3*g = 5*l - 981, 1635 = 5*g - 10*l + 5*l. What is the tens digit of g?
2
Suppose 3*j = -11 + 26. Suppose 0 = -j*g - 4*x - 1 - 0, 0 = -5*g + x + 19. Suppose -1 = -2*q + g. What is the units digit of q?
2
What is the units digit of (-50)/(-18) + (-6)/(-27)?
3
What is the tens digit of 1*(57 - (3 + 1))?
5
Let f(h) = h**3 - 5*h**2 + 4*h - 6. Let o be f(4). Let m be -3 - (o/3 + 1). What is the units digit of (8/(-12))/(m/51)?
7
Suppose 5*b + 38 + 22 = 0. Let v = b - -17. What is the units digit of v?
5
Let x(s) = -s**3 - 3*s**2 - 3*s + 3. Let n be ((-8)/12)/((-4)/30). Let q = n - 8. What is the units digit of x(q)?
2
Let d(h) = h**2 + h + 8. Let v be d(0). Suppose 2*j - 5*j + 5*t = -41, -v = -4*t. What is the tens digit of j?
1
Let m be (-2 + 1)*(-6 - 16). Suppose 0 = 2*n - 5*i - 25, 5*n - m = 2*i + 51. What is the tens digit of n?
1
Suppose 3*q - 8*q = -2*y - 713, y + 4 = 0. What is the units digit of q?
1
Let s be ((-1)/3)/((-1)/18). What is the units digit of (s + 6)/((-6)/(-4))?
8
Let f = 7 + -3. Suppose f*l = -4*i + 72, -2*i = 5*l - 0*l - 39. Let b = i - 12. What is the units digit of b?
5
Suppose -f = x - 26, 5*f + 17 = 2*x - 21. What is the units digit of x?
4
Let q = -20 - -25. Suppose -3*p + 32 = 2*j - 7*p, -q*j + 4*p + 50 = 0. What is the units digit of j?
6
What is the hundreds digit of (1 - 23)/(12/(-186))?
3
Suppose -5*g = -5*l - 1 - 4, 0 = -5*g - 5*l + 55. Let s = g + 12. What is the tens digit of s?
1
Let r be -7*(-1 + (3 - -1)). What is 